{"id":64,"date":"2017-06-07T06:32:24","date_gmt":"2017-06-07T06:32:24","guid":{"rendered":"http:\/\/wordpresstheme.net\/dump\/?page_id=64"},"modified":"2019-05-28T18:41:35","modified_gmt":"2019-05-28T18:41:35","slug":"areas-de-atuacao","status":"publish","type":"page","link":"https:\/\/bernardesfilho.adv.br\/site\/areas-de-atuacao\/","title":{"rendered":"\u00c1reas de Atua\u00e7\u00e3o"},"content":{"rendered":"<p>[vc_row full_width=&#8221;stretch_row&#8221; css=&#8221;.vc_custom_1499329035881{margin-top: 0px !important;margin-bottom: 0px !important;padding-top: 70px !important;padding-bottom: 40px !important;background-color: #ffffff !important;}&#8221;][vc_column css=&#8221;.vc_custom_1496743058962{padding-top: 0px !important;padding-bottom: 0px !important;}&#8221;][vc_custom_heading text=&#8221;\u00c1reas de Atua\u00e7\u00e3o&#8221; font_container=&#8221;tag:h1|text_align:center&#8221; use_theme_fonts=&#8221;yes&#8221; css=&#8221;.vc_custom_1550169645039{margin-top: 0px !important;margin-bottom: 30px !important;}&#8221;][vc_separator color=&#8221;custom&#8221; border_width=&#8221;8&#8243; accent_color=&#8221;#023958&#8243; css=&#8221;.vc_custom_1550169653603{margin-top: 0px !important;margin-bottom: 30px !important;}&#8221;][vc_column_text css=&#8221;.vc_custom_1550169089041{margin-top: 0px !important;margin-bottom: 70px !important;}&#8221; el_class=&#8221;home-welcome-text&#8221;]<\/p>\n<p style=\"text-align: left;\"><span style=\"font-weight: 400;\">Escrit\u00f3rio especializado em Direito Empresarial, Civil e Previdenci\u00e1rio.<\/span><\/p>\n<p>[\/vc_column_text][vc_tta_tour][vc_tta_section title=&#8221;Direito Empresarial&#8221; tab_id=&#8221;1550169094933-59b01aec-edef&#8221;][vc_single_image image=&#8221;725&#8243; img_size=&#8221;600&#215;200&#8243;][vc_custom_heading text=&#8221;\u00c1rea Empresarial&#8221; font_container=&#8221;tag:h6|font_size:20px|text_align:left&#8221;][vc_column_text]<span style=\"font-weight: 400;\">&#8211; Consultoria <\/span><\/p>\n<p><span style=\"font-weight: 400;\">&#8211; Cobran\u00e7as <\/span><\/p>\n<p><span style=\"font-weight: 400;\">&#8211; Contratos <\/span><\/p>\n<p><span style=\"font-weight: 400;\">&#8211; Societ\u00e1rio<\/span><\/p>\n<p><span style=\"font-weight: 400;\">&#8211; Licita\u00e7\u00f5es\/Administrativo<\/span>[\/vc_column_text][\/vc_tta_section][vc_tta_section title=&#8221;Direito Civil&#8221; tab_id=&#8221;1550169094965-b5067d83-aa53&#8243;][vc_single_image image=&#8221;118&#8243; img_size=&#8221;600&#215;200&#8243;][vc_custom_heading text=&#8221;\u00c1rea C\u00edvel&#8221; font_container=&#8221;tag:h6|font_size:20px|text_align:left&#8221;][vc_column_text]<span style=\"font-weight: 400;\">&#8211; Sucess\u00f5es (invent\u00e1rios extrajudicial e judicial)<\/span><\/p>\n<p><span style=\"font-weight: 400;\">&#8211; Imobili\u00e1rio<\/span><\/p>\n<p><span style=\"font-weight: 400;\">&#8211; Contratual<\/span><\/p>\n<p><span style=\"font-weight: 400;\">&#8211; Consumidor<\/span><\/p>\n<p><span style=\"font-weight: 400;\">&#8211; Indenizat\u00f3ria<\/span><\/p>\n<p><span style=\"font-weight: 400;\">&#8211; Securit\u00e1rio <\/span>[\/vc_column_text][\/vc_tta_section][vc_tta_section title=&#8221;Direito Previdenci\u00e1rio (Administrativo\/Judicial)&#8221; tab_id=&#8221;1550169119415-8b1e4fc8-8e1a&#8221;][vc_single_image image=&#8221;1335&#8243; img_size=&#8221;600&#215;200&#8243;][vc_custom_heading text=&#8221;\u00c1rea Previdenci\u00e1ria (Administrativo\/Judicial)&#8221; font_container=&#8221;tag:h6|font_size:20px|text_align:left&#8221;][vc_column_text]<span style=\"font-weight: 400;\">&#8211; Aposentadoria (idade, por tempo de contribui\u00e7\u00e3o)<\/span><\/p>\n<p><span style=\"font-weight: 400;\">&#8211; Pens\u00e3o por morte<\/span><\/p>\n<p><span style=\"font-weight: 400;\">&#8211; Aux\u00edlio Doen\u00e7a<\/span><\/p>\n<p><span style=\"font-weight: 400;\">&#8211; Aposentadoria por Invalidez<\/span><\/p>\n<p><span style=\"font-weight: 400;\">&#8211; Sal\u00e1rio Maternidade<\/span><\/p>\n<p><span style=\"font-weight: 400;\">&#8211; Aux\u00edlio Acidente<\/span><\/p>\n<p><span style=\"font-weight: 400;\">&#8211; Defesas Administrativas\/Restitui\u00e7\u00e3o<\/span><\/p>\n<p><span style=\"font-weight: 400;\">&#8211; Revis\u00f5es<\/span>[\/vc_column_text][\/vc_tta_section][vc_tta_section title=&#8221;Arbitragem&#8221; tab_id=&#8221;1550169120407-4f863271-4979&#8243;][vc_single_image image=&#8221;960&#8243; img_size=&#8221;600&#215;200&#8243;][vc_custom_heading text=&#8221;Arbitragem&#8221; font_container=&#8221;tag:h6|font_size:20px|text_align:left&#8221;][vc_column_text]<span style=\"font-weight: 400;\">&#8211; Atua\u00e7\u00e3o processual em C\u00e2mara Arbitral.<\/span>[\/vc_column_text][\/vc_tta_section][\/vc_tta_tour][\/vc_column][\/vc_row]<\/p>\n","protected":false},"excerpt":{"rendered":"<p>[vc_row full_width=&#8221;stretch_row&#8221; css=&#8221;.vc_custom_1499329035881{margin-top: 0px !important;margin-bottom: 0px !important;padding-top: 70px !important;padding-bottom: 40px !important;background-color: #ffffff !important;}&#8221;][vc_column css=&#8221;.vc_custom_1496743058962{padding-top: 0px !important;padding-bottom: 0px !important;}&#8221;][vc_custom_heading text=&#8221;\u00c1reas de Atua\u00e7\u00e3o&#8221; font_container=&#8221;tag:h1|text_align:center&#8221; use_theme_fonts=&#8221;yes&#8221; css=&#8221;.vc_custom_1550169645039{margin-top: 0px !important;margin-bottom: 30px !important;}&#8221;][vc_separator color=&#8221;custom&#8221; border_width=&#8221;8&#8243; accent_color=&#8221;#023958&#8243; css=&#8221;.vc_custom_1550169653603{margin-top: 0px !important;margin-bottom: 30px !important;}&#8221;][vc_column_text css=&#8221;.vc_custom_1550169089041{margin-top: 0px !important;margin-bottom: 70px !important;}&#8221; el_class=&#8221;home-welcome-text&#8221;] Escrit\u00f3rio especializado em Direito Empresarial, Civil e Previdenci\u00e1rio. [\/vc_column_text][vc_tta_tour][vc_tta_section title=&#8221;Direito Empresarial&#8221; tab_id=&#8221;1550169094933-59b01aec-edef&#8221;][vc_single_image image=&#8221;725&#8243; [&hellip;]<\/p>\n","protected":false},"author":1,"featured_media":1352,"parent":0,"menu_order":0,"comment_status":"closed","ping_status":"closed","template":"","meta":{"footnotes":""},"class_list":["post-64","page","type-page","status-publish","has-post-thumbnail","hentry"],"_links":{"self":[{"href":"https:\/\/bernardesfilho.adv.br\/site\/wp-json\/wp\/v2\/pages\/64","targetHints":{"allow":["GET"]}}],"collection":[{"href":"https:\/\/bernardesfilho.adv.br\/site\/wp-json\/wp\/v2\/pages"}],"about":[{"href":"https:\/\/bernardesfilho.adv.br\/site\/wp-json\/wp\/v2\/types\/page"}],"author":[{"embeddable":true,"href":"https:\/\/bernardesfilho.adv.br\/site\/wp-json\/wp\/v2\/users\/1"}],"replies":[{"embeddable":true,"href":"https:\/\/bernardesfilho.adv.br\/site\/wp-json\/wp\/v2\/comments?post=64"}],"version-history":[{"count":15,"href":"https:\/\/bernardesfilho.adv.br\/site\/wp-json\/wp\/v2\/pages\/64\/revisions"}],"predecessor-version":[{"id":1557,"href":"https:\/\/bernardesfilho.adv.br\/site\/wp-json\/wp\/v2\/pages\/64\/revisions\/1557"}],"wp:featuredmedia":[{"embeddable":true,"href":"https:\/\/bernardesfilho.adv.br\/site\/wp-json\/wp\/v2\/media\/1352"}],"wp:attachment":[{"href":"https:\/\/bernardesfilho.adv.br\/site\/wp-json\/wp\/v2\/media?parent=64"}],"curies":[{"name":"wp","href":"https:\/\/api.w.org\/{rel}","templated":true}]}}